{"id":498,"date":"2020-08-22T13:55:20","date_gmt":"2020-08-22T13:55:20","guid":{"rendered":"http:\/\/www.domingosanchez3d.es\/?page_id=498"},"modified":"2020-08-24T16:19:14","modified_gmt":"2020-08-24T16:19:14","slug":"simulacion-3d","status":"publish","type":"page","link":"http:\/\/guiasytutoriales.es\/disenowebglobal\/websclientes\/domingosanchez3d\/simulacion-3d\/","title":{"rendered":"Simulaci\u00f3n 3D"},"content":{"rendered":"<div id=\"pl-498\"  class=\"panel-layout\" ><div id=\"pg-498-0\"  class=\"panel-grid panel-no-style\" ><div id=\"pgc-498-0-0\"  class=\"panel-grid-cell\" ><div id=\"panel-498-0-0-0\" class=\"so-panel widget widget_sow-editor panel-first-child panel-last-child\" data-index=\"0\" ><div class=\"so-widget-sow-editor so-widget-sow-editor-base\">\n<div class=\"siteorigin-widget-tinymce textwidget\">\n\t<h2><strong>REALIDAD VIRTUAL (VR)<\/strong><\/h2>\n<p>Entorno generado por computadora dentro del cual el usuario puede interactuar. Un entorno de realidad virtual (VR) ofrece a los usuarios inmersi\u00f3n, navegaci\u00f3n y manipulaci\u00f3n en tiempo real. La realidad virtual abarca una variedad de entornos inform\u00e1ticos interactivos, desde foros en l\u00ednea orientados a texto y juegos multijugador, hasta simulaciones complejas que combinan audio, v\u00eddeo, animaci\u00f3n o gr\u00e1ficos tridimensionales. Algunos de los efectos m\u00e1s realistas se logran utilizando gafas VR.<\/p>\n<p>Los sensores conectados al usuario (guantes, mono, calzado) trasladan sus movimientos a la computadora, la cual cambia los gr\u00e1ficos para dar la sensaci\u00f3n de movimiento a trav\u00e9s de la escena. La retroalimentaci\u00f3n f\u00edsica generada por la computadora agrega una sensaci\u00f3n de ilusi\u00f3n visual, donde los sonidos y olores controlados por computadora refuerzan el entorno virtual. Otros sistemas VR, tales como simuladores de vuelo, usan pantallas m\u00e1s grandes y entornos cerrados para crear un espejismo. Los sistemas inmersivos de realidad virtual pueden causar falta de coincidencia entre lo experimentado por el cuerpo en el mundo virtual y la verdadera realidad f\u00edsica. Hay sistemas menos complejos para PC que permiten manipular una imagen de espacio tridimensional en una pantalla del ordenador. La Realidad Virtual se utiliza en juegos electr\u00f3nicos, atracciones de parques recreativos, ejercicios militares, simulaci\u00f3n de la construcci\u00f3n y dise\u00f1os arquitect\u00f3nicos. Otros usos incluyen educaci\u00f3n, dise\u00f1o industrial, capacitaci\u00f3n quir\u00fargica y arte. Se considera Realidad Aumentada (AR) cuando incorporamos al sistema f\u00edsico elementos de Realidad Virtual.<\/p>\n<h2><strong>ANIMACI\u00d3N 3D<\/strong><\/h2>\n<p>Secuencia continua de im\u00e1genes que permiten apreciar al espectador la ilusi\u00f3n del movimiento. La Animaci\u00f3n no es interactiva y no tiene por qu\u00e9 estar basada en modelos reales. Generalmente emplea personajes y creaciones art\u00edsticas que evolucionan seg\u00fan la imaginaci\u00f3n del animador.<\/p>\n<h2><strong>SIMULACI\u00d3N 3D<\/strong><\/h2>\n<p>La realidad virtual requiere simulaci\u00f3n 3D. Consiste en reproducir experimentalmente condiciones reales, generando un modelo matem\u00e1tico para el estudio de un sistema. Estos sistemas pueden ser f\u00edsicos, biol\u00f3gicos, sociales, econ\u00f3micos\u2026Una simulaci\u00f3n es una imitaci\u00f3n aproximada de un proceso o sistema, que permite obtener informaci\u00f3n sobre su funcionamiento.<\/p>\n<p>Os presento una serie de v\u00eddeos de <strong>Simulaci\u00f3n 3D<\/strong>, incluyendo en algunos interacci\u00f3n de usuario. Los modelos 3D quedaron sometidos a las Leyes F\u00edsicas seg\u00fan la configuraci\u00f3n de sus diferentes magnitudes (gravedad, rozamiento est\u00e1tico y din\u00e1mico, elasticidad, densidad, masa, aceleraci\u00f3n, fuerza\u2026). Est\u00e1n distribuidos por categor\u00edas. Disfrutadlos.<\/p>\n<h3><strong>Simulaci\u00f3n 3D (retos con cucharas)<\/strong><\/h3>\n<\/div>\n<\/div><\/div><\/div><\/div><div id=\"pg-498-1\"  class=\"panel-grid panel-no-style\" ><div id=\"pgc-498-1-0\"  class=\"panel-grid-cell\" ><div id=\"panel-498-1-0-0\" class=\"so-panel widget widget_text panel-first-child\" data-index=\"1\" >\t\t\t<div class=\"textwidget\"><p><iframe title=\"Reto con cucharas 01. Simulaci\u00f3n 3D con SketchUp. MSPhysics.\" src=\"https:\/\/www.youtube.com\/embed\/D-AETFxs6GI?feature=oembed\" frameborder=\"0\" allow=\"accelerometer; autoplay; encrypted-media; gyroscope; picture-in-picture\" allowfullscreen><\/iframe><\/p>\n<\/div>\n\t\t<\/div><div id=\"panel-498-1-0-1\" class=\"so-panel widget widget_text\" data-index=\"2\" >\t\t\t<div class=\"textwidget\"><p><iframe title=\"Reto con cucharas 03. Simulaci\u00f3n 3D con SketchUp. MSPhysics.\" src=\"https:\/\/www.youtube.com\/embed\/1iXS8mmq-Q0?feature=oembed\" frameborder=\"0\" allow=\"accelerometer; autoplay; encrypted-media; gyroscope; picture-in-picture\" allowfullscreen><\/iframe><\/p>\n<\/div>\n\t\t<\/div><div id=\"panel-498-1-0-2\" class=\"so-panel widget widget_text\" data-index=\"3\" >\t\t\t<div class=\"textwidget\"><p><iframe title=\"Reto con cucharas 05. Simulaci\u00f3n 3D con SketchUp. MSPhysics.\" src=\"https:\/\/www.youtube.com\/embed\/Xd-FHi2v78U?feature=oembed\" frameborder=\"0\" allow=\"accelerometer; autoplay; encrypted-media; gyroscope; picture-in-picture\" allowfullscreen><\/iframe><\/p>\n<\/div>\n\t\t<\/div><div id=\"panel-498-1-0-3\" class=\"so-panel widget widget_text\" data-index=\"4\" >\t\t\t<div class=\"textwidget\"><p><iframe title=\"Reto con cucharas 07. Simulaci\u00f3n 3D con SketchUp. MSPhysics.\" src=\"https:\/\/www.youtube.com\/embed\/dQaHjzboTh4?feature=oembed\" frameborder=\"0\" allow=\"accelerometer; autoplay; encrypted-media; gyroscope; picture-in-picture\" allowfullscreen><\/iframe><\/p>\n<\/div>\n\t\t<\/div><div id=\"panel-498-1-0-4\" class=\"so-panel widget widget_text\" data-index=\"5\" >\t\t\t<div class=\"textwidget\"><p><iframe title=\"Reto con cucharas 09. Simulaci\u00f3n 3D con SketchUp. MSPhysics.\" src=\"https:\/\/www.youtube.com\/embed\/7jYJneHhvws?feature=oembed\" frameborder=\"0\" allow=\"accelerometer; autoplay; encrypted-media; gyroscope; picture-in-picture\" allowfullscreen><\/iframe><\/p>\n<\/div>\n\t\t<\/div><div id=\"panel-498-1-0-5\" class=\"so-panel widget widget_text panel-last-child\" data-index=\"6\" >\t\t\t<div class=\"textwidget\"><p><iframe title=\"Reto con cucharas 11. Simulaci\u00f3n 3D con SketchUp. MSPhysics.\" src=\"https:\/\/www.youtube.com\/embed\/IHWQRzG1p9M?feature=oembed\" frameborder=\"0\" allow=\"accelerometer; autoplay; encrypted-media; gyroscope; picture-in-picture\" allowfullscreen><\/iframe><\/p>\n<\/div>\n\t\t<\/div><\/div><div id=\"pgc-498-1-1\"  class=\"panel-grid-cell\" ><div id=\"panel-498-1-1-0\" class=\"so-panel widget widget_text panel-first-child\" data-index=\"7\" >\t\t\t<div class=\"textwidget\"><p><iframe title=\"Reto con cucharas 02. Simulaci\u00f3n 3D con SketchUp. MSPhysics.\" src=\"https:\/\/www.youtube.com\/embed\/bhVesW9zmso?feature=oembed\" frameborder=\"0\" allow=\"accelerometer; autoplay; encrypted-media; gyroscope; picture-in-picture\" allowfullscreen><\/iframe><\/p>\n<\/div>\n\t\t<\/div><div id=\"panel-498-1-1-1\" class=\"so-panel widget widget_text\" data-index=\"8\" >\t\t\t<div class=\"textwidget\"><p><iframe title=\"Reto con cucharas 04. Simulaci\u00f3n 3D con SketchUp. MSPhysics.\" src=\"https:\/\/www.youtube.com\/embed\/1gpJLIGD_rY?feature=oembed\" frameborder=\"0\" allow=\"accelerometer; autoplay; encrypted-media; gyroscope; picture-in-picture\" allowfullscreen><\/iframe><\/p>\n<\/div>\n\t\t<\/div><div id=\"panel-498-1-1-2\" class=\"so-panel widget widget_text\" data-index=\"9\" >\t\t\t<div class=\"textwidget\"><p><iframe title=\"Reto con cucharas 06. Simulaci\u00f3n 3D con SketchUp. MSPhysics.\" src=\"https:\/\/www.youtube.com\/embed\/ywuiqYJ72MI?feature=oembed\" frameborder=\"0\" allow=\"accelerometer; autoplay; encrypted-media; gyroscope; picture-in-picture\" allowfullscreen><\/iframe><\/p>\n<\/div>\n\t\t<\/div><div id=\"panel-498-1-1-3\" class=\"so-panel widget widget_text\" data-index=\"10\" >\t\t\t<div class=\"textwidget\"><p><iframe title=\"Reto con cucharas 08. Simulaci\u00f3n 3D con SketchUp. MSPhysics.\" src=\"https:\/\/www.youtube.com\/embed\/acJ2EgCfkJQ?feature=oembed\" frameborder=\"0\" allow=\"accelerometer; autoplay; encrypted-media; gyroscope; picture-in-picture\" allowfullscreen><\/iframe><\/p>\n<\/div>\n\t\t<\/div><div id=\"panel-498-1-1-4\" class=\"so-panel widget widget_text panel-last-child\" data-index=\"11\" >\t\t\t<div class=\"textwidget\"><p><iframe title=\"Reto con cucharas 10. Simulaci\u00f3n 3D con SketchUp. MSPhysics.\" src=\"https:\/\/www.youtube.com\/embed\/nxdIo5GVcP0?feature=oembed\" frameborder=\"0\" allow=\"accelerometer; autoplay; encrypted-media; gyroscope; picture-in-picture\" allowfullscreen><\/iframe><\/p>\n<\/div>\n\t\t<\/div><\/div><\/div><div id=\"pg-498-2\"  class=\"panel-grid panel-no-style\" ><div id=\"pgc-498-2-0\"  class=\"panel-grid-cell\" ><div id=\"panel-498-2-0-0\" class=\"so-panel widget widget_sow-editor panel-first-child panel-last-child\" data-index=\"12\" ><div class=\"so-widget-sow-editor so-widget-sow-editor-base\">\n<div class=\"siteorigin-widget-tinymce textwidget\">\n\t<h3>Simulaci\u00f3n 3D (Mec\u00e1nica)<\/h3>\n<\/div>\n<\/div><\/div><\/div><\/div><div id=\"pg-498-3\"  class=\"panel-grid panel-no-style\" ><div id=\"pgc-498-3-0\"  class=\"panel-grid-cell\" ><div id=\"panel-498-3-0-0\" class=\"so-panel widget widget_text panel-first-child\" data-index=\"13\" >\t\t\t<div class=\"textwidget\"><p><iframe title=\"Mec\u00e1nica 01. Simulaci\u00f3n 3D con SketchUp. MSPhysics.\" src=\"https:\/\/www.youtube.com\/embed\/BQGo_7XIqVM?feature=oembed\" frameborder=\"0\" allow=\"accelerometer; autoplay; encrypted-media; gyroscope; picture-in-picture\" allowfullscreen><\/iframe><\/p>\n<\/div>\n\t\t<\/div><div id=\"panel-498-3-0-1\" class=\"so-panel widget widget_text\" data-index=\"14\" >\t\t\t<div class=\"textwidget\"><p><iframe title=\"Mec\u00e1nica 03. Simulaci\u00f3n 3D con SketchUp. MSPhysics.\" src=\"https:\/\/www.youtube.com\/embed\/TPp4Acsw6Y4?feature=oembed\" frameborder=\"0\" allow=\"accelerometer; autoplay; encrypted-media; gyroscope; picture-in-picture\" allowfullscreen><\/iframe><\/p>\n<\/div>\n\t\t<\/div><div id=\"panel-498-3-0-2\" class=\"so-panel widget widget_text\" data-index=\"15\" >\t\t\t<div class=\"textwidget\"><p><iframe title=\"Mec\u00e1nica 05. Simulaci\u00f3n 3D con SketchUp. MSPhysics.\" src=\"https:\/\/www.youtube.com\/embed\/OVoIE7JkJJI?feature=oembed\" frameborder=\"0\" allow=\"accelerometer; autoplay; encrypted-media; gyroscope; picture-in-picture\" allowfullscreen><\/iframe><\/p>\n<\/div>\n\t\t<\/div><div id=\"panel-498-3-0-3\" class=\"so-panel widget widget_text panel-last-child\" data-index=\"16\" >\t\t\t<div class=\"textwidget\"><p><iframe title=\"Mec\u00e1nica 07. Simulaci\u00f3n 3D con SketchUp. MSPhysics.\" src=\"https:\/\/www.youtube.com\/embed\/6PUQLIzS_fU?feature=oembed\" frameborder=\"0\" allow=\"accelerometer; autoplay; encrypted-media; gyroscope; picture-in-picture\" allowfullscreen><\/iframe><\/p>\n<\/div>\n\t\t<\/div><\/div><div id=\"pgc-498-3-1\"  class=\"panel-grid-cell\" ><div id=\"panel-498-3-1-0\" class=\"so-panel widget widget_text panel-first-child\" data-index=\"17\" >\t\t\t<div class=\"textwidget\"><p><iframe title=\"Mec\u00e1nica 02. Simulaci\u00f3n 3D con SketchUp. MSPhysics.\" src=\"https:\/\/www.youtube.com\/embed\/GOK607V9WtQ?feature=oembed\" frameborder=\"0\" allow=\"accelerometer; autoplay; encrypted-media; gyroscope; picture-in-picture\" allowfullscreen><\/iframe><\/p>\n<\/div>\n\t\t<\/div><div id=\"panel-498-3-1-1\" class=\"so-panel widget widget_text\" data-index=\"18\" >\t\t\t<div class=\"textwidget\"><p><iframe title=\"Mec\u00e1nica 04. Simulaci\u00f3n 3D con SketchUp. MSPhysics.\" src=\"https:\/\/www.youtube.com\/embed\/L-X5hPXR_FY?feature=oembed\" frameborder=\"0\" allow=\"accelerometer; autoplay; encrypted-media; gyroscope; picture-in-picture\" allowfullscreen><\/iframe><\/p>\n<\/div>\n\t\t<\/div><div id=\"panel-498-3-1-2\" class=\"so-panel widget widget_text panel-last-child\" data-index=\"19\" >\t\t\t<div class=\"textwidget\"><p><iframe title=\"Mec\u00e1nica 06. Simulaci\u00f3n 3D con SketchUp. MSPhysics.\" src=\"https:\/\/www.youtube.com\/embed\/27wh_sCkxkU?feature=oembed\" frameborder=\"0\" allow=\"accelerometer; autoplay; encrypted-media; gyroscope; picture-in-picture\" allowfullscreen><\/iframe><\/p>\n<\/div>\n\t\t<\/div><\/div><\/div><div id=\"pg-498-4\"  class=\"panel-grid panel-no-style\" ><div id=\"pgc-498-4-0\"  class=\"panel-grid-cell\" ><div id=\"panel-498-4-0-0\" class=\"so-panel widget widget_sow-editor panel-first-child panel-last-child\" data-index=\"20\" ><div class=\"so-widget-sow-editor so-widget-sow-editor-base\">\n<div class=\"siteorigin-widget-tinymce textwidget\">\n\t<h3>Simulaci\u00f3n 3D (Martillos)<\/h3>\n<\/div>\n<\/div><\/div><\/div><\/div><div id=\"pg-498-5\"  class=\"panel-grid panel-no-style\" ><div id=\"pgc-498-5-0\"  class=\"panel-grid-cell\" ><div id=\"panel-498-5-0-0\" class=\"so-panel widget widget_text panel-first-child panel-last-child\" data-index=\"21\" >\t\t\t<div class=\"textwidget\"><p><iframe title=\"Martillos 01. Simulaci\u00f3n 3D con SketchUp. MSPhysics.\" src=\"https:\/\/www.youtube.com\/embed\/8GWX29zPQaU?feature=oembed\" frameborder=\"0\" allow=\"accelerometer; autoplay; encrypted-media; gyroscope; picture-in-picture\" allowfullscreen><\/iframe><\/p>\n<\/div>\n\t\t<\/div><\/div><div id=\"pgc-498-5-1\"  class=\"panel-grid-cell\" ><div id=\"panel-498-5-1-0\" class=\"so-panel widget widget_text panel-first-child panel-last-child\" data-index=\"22\" >\t\t\t<div class=\"textwidget\"><p><iframe title=\"Martillos 02. Simulaci\u00f3n 3D con SketchUp. MSPhysics.\" src=\"https:\/\/www.youtube.com\/embed\/np4DerlKQxQ?feature=oembed\" frameborder=\"0\" allow=\"accelerometer; autoplay; encrypted-media; gyroscope; picture-in-picture\" allowfullscreen><\/iframe><\/p>\n<\/div>\n\t\t<\/div><\/div><\/div><div id=\"pg-498-6\"  class=\"panel-grid panel-no-style\" ><div id=\"pgc-498-6-0\"  class=\"panel-grid-cell\" ><div id=\"panel-498-6-0-0\" class=\"so-panel widget widget_sow-editor panel-first-child panel-last-child\" data-index=\"23\" ><div class=\"so-widget-sow-editor so-widget-sow-editor-base\">\n<div class=\"siteorigin-widget-tinymce textwidget\">\n\t<h3>Simulaci\u00f3n 3D (Fluidos)<\/h3>\n<\/div>\n<\/div><\/div><\/div><\/div><div id=\"pg-498-7\"  class=\"panel-grid panel-no-style\" ><div id=\"pgc-498-7-0\"  class=\"panel-grid-cell\" ><div id=\"panel-498-7-0-0\" class=\"so-panel widget widget_text panel-first-child panel-last-child\" data-index=\"24\" >\t\t\t<div class=\"textwidget\"><p><iframe title=\"Fluidos 01. Simulaci\u00f3n 3D con SketchUp. MSPhysics.\" src=\"https:\/\/www.youtube.com\/embed\/MWEEB2p8JFg?feature=oembed\" frameborder=\"0\" allow=\"accelerometer; autoplay; encrypted-media; gyroscope; picture-in-picture\" allowfullscreen><\/iframe><\/p>\n<\/div>\n\t\t<\/div><\/div><div id=\"pgc-498-7-1\"  class=\"panel-grid-cell\" ><div id=\"panel-498-7-1-0\" class=\"so-panel widget widget_text panel-first-child panel-last-child\" data-index=\"25\" >\t\t\t<div class=\"textwidget\"><\/div>\n\t\t<\/div><\/div><\/div><div id=\"pg-498-8\"  class=\"panel-grid panel-no-style\" ><div id=\"pgc-498-8-0\"  class=\"panel-grid-cell\" ><div id=\"panel-498-8-0-0\" class=\"so-panel widget widget_sow-editor panel-first-child panel-last-child\" data-index=\"26\" ><div class=\"so-widget-sow-editor so-widget-sow-editor-base\">\n<div class=\"siteorigin-widget-tinymce textwidget\">\n\t<h3>Simulaci\u00f3n 3D (Magnetismo)<\/h3>\n<\/div>\n<\/div><\/div><\/div><\/div><div id=\"pg-498-9\"  class=\"panel-grid panel-no-style\" ><div id=\"pgc-498-9-0\"  class=\"panel-grid-cell\" ><div id=\"panel-498-9-0-0\" class=\"so-panel widget widget_text panel-first-child panel-last-child\" data-index=\"27\" >\t\t\t<div class=\"textwidget\"><p><iframe title=\"Magnetismo 01. Simulaci\u00f3n 3D con SketchUp. MSPhysics.\" src=\"https:\/\/www.youtube.com\/embed\/HAnSX1sP48U?feature=oembed\" frameborder=\"0\" allow=\"accelerometer; autoplay; encrypted-media; gyroscope; picture-in-picture\" allowfullscreen><\/iframe><\/p>\n<\/div>\n\t\t<\/div><\/div><div id=\"pgc-498-9-1\"  class=\"panel-grid-cell\" ><div id=\"panel-498-9-1-0\" class=\"so-panel widget widget_text panel-first-child panel-last-child\" data-index=\"28\" >\t\t\t<div class=\"textwidget\"><p><iframe title=\"Magnetismo 02. Simulaci\u00f3n 3D con SketchUp. MSPhysics.\" src=\"https:\/\/www.youtube.com\/embed\/wt8h8sfA7ag?feature=oembed\" frameborder=\"0\" allow=\"accelerometer; autoplay; encrypted-media; gyroscope; picture-in-picture\" allowfullscreen><\/iframe><\/p>\n<\/div>\n\t\t<\/div><\/div><\/div><div id=\"pg-498-10\"  class=\"panel-grid panel-no-style\" ><div id=\"pgc-498-10-0\"  class=\"panel-grid-cell\" ><div id=\"panel-498-10-0-0\" class=\"so-panel widget widget_sow-editor panel-first-child panel-last-child\" data-index=\"29\" ><div class=\"so-widget-sow-editor so-widget-sow-editor-base\">\n<div class=\"siteorigin-widget-tinymce textwidget\">\n\t<h3>Simulaci\u00f3n 3D (Demolici\u00f3n)<\/h3>\n<\/div>\n<\/div><\/div><\/div><\/div><div id=\"pg-498-11\"  class=\"panel-grid panel-no-style\" ><div id=\"pgc-498-11-0\"  class=\"panel-grid-cell\" ><div id=\"panel-498-11-0-0\" class=\"so-panel widget widget_text panel-first-child\" data-index=\"30\" >\t\t\t<div class=\"textwidget\"><p><iframe title=\"Demolici\u00f3n 01. Simulaci\u00f3n 3D con SketchUp. MSPhysics.\" src=\"https:\/\/www.youtube.com\/embed\/HQmbCl1n8_E?feature=oembed\" frameborder=\"0\" allow=\"accelerometer; autoplay; encrypted-media; gyroscope; picture-in-picture\" allowfullscreen><\/iframe><\/p>\n<\/div>\n\t\t<\/div><div id=\"panel-498-11-0-1\" class=\"so-panel widget widget_text panel-last-child\" data-index=\"31\" >\t\t\t<div class=\"textwidget\"><p><iframe title=\"Demolici\u00f3n 03. Simulaci\u00f3n 3D con SketchUp. MSPhysics.\" src=\"https:\/\/www.youtube.com\/embed\/S9E7MIkK4q4?feature=oembed\" frameborder=\"0\" allow=\"accelerometer; autoplay; encrypted-media; gyroscope; picture-in-picture\" allowfullscreen><\/iframe><\/p>\n<\/div>\n\t\t<\/div><\/div><div id=\"pgc-498-11-1\"  class=\"panel-grid-cell\" ><div id=\"panel-498-11-1-0\" class=\"so-panel widget widget_text panel-first-child\" data-index=\"32\" >\t\t\t<div class=\"textwidget\"><p><iframe title=\"Demolici\u00f3n 02. Simulaci\u00f3n 3D con SketchUp. MSPhysics.\" src=\"https:\/\/www.youtube.com\/embed\/efsbZR8i4vU?feature=oembed\" frameborder=\"0\" allow=\"accelerometer; autoplay; encrypted-media; gyroscope; picture-in-picture\" allowfullscreen><\/iframe><\/p>\n<\/div>\n\t\t<\/div><div id=\"panel-498-11-1-1\" class=\"so-panel widget widget_text panel-last-child\" data-index=\"33\" >\t\t\t<div class=\"textwidget\"><p><iframe title=\"Demolici\u00f3n 04. Simulaci\u00f3n 3D con SketchUp. MSPhysics.\" src=\"https:\/\/www.youtube.com\/embed\/PVKn9ZkYV8w?feature=oembed\" frameborder=\"0\" allow=\"accelerometer; autoplay; encrypted-media; gyroscope; picture-in-picture\" allowfullscreen><\/iframe><\/p>\n<\/div>\n\t\t<\/div><\/div><\/div><div id=\"pg-498-12\"  class=\"panel-grid panel-no-style\" ><div id=\"pgc-498-12-0\"  class=\"panel-grid-cell\" ><div id=\"panel-498-12-0-0\" class=\"so-panel widget widget_sow-editor panel-first-child panel-last-child\" data-index=\"34\" ><div class=\"so-widget-sow-editor so-widget-sow-editor-base\">\n<div class=\"siteorigin-widget-tinymce textwidget\">\n\t<p style=\"text-align: right;\"><em><strong data-rich-text-format-boundary=\"true\">Domingo S\u00e1nchez<\/strong><\/em><br data-rich-text-line-break=\"true\" \/>Ingeniero Industrial<br data-rich-text-line-break=\"true\" \/>M\u00e1ster en Sistemas Inteligentes<br data-rich-text-line-break=\"true\" \/>Experto Universitario en Rob\u00f3tica, Programaci\u00f3n e Impresi\u00f3n 3D<\/p>\n<\/div>\n<\/div><\/div><\/div><\/div><\/div>","protected":false},"excerpt":{"rendered":"<p>REALIDAD VIRTUAL (VR) Entorno generado por computadora dentro del cual el usuario puede interactuar. Un entorno de realidad virtual (VR) ofrece a los usuarios inmersi\u00f3n, navegaci\u00f3n y manipulaci\u00f3n en tiempo [&hellip;]<\/p>\n","protected":false},"author":2,"featured_media":393,"parent":0,"menu_order":0,"comment_status":"closed","ping_status":"closed","template":"page_fullwidth.php","meta":{"footnotes":""},"class_list":["post-498","page","type-page","status-publish","has-post-thumbnail","hentry"],"_links":{"self":[{"href":"http:\/\/guiasytutoriales.es\/disenowebglobal\/websclientes\/domingosanchez3d\/wp-json\/wp\/v2\/pages\/498","targetHints":{"allow":["GET"]}}],"collection":[{"href":"http:\/\/guiasytutoriales.es\/disenowebglobal\/websclientes\/domingosanchez3d\/wp-json\/wp\/v2\/pages"}],"about":[{"href":"http:\/\/guiasytutoriales.es\/disenowebglobal\/websclientes\/domingosanchez3d\/wp-json\/wp\/v2\/types\/page"}],"author":[{"embeddable":true,"href":"http:\/\/guiasytutoriales.es\/disenowebglobal\/websclientes\/domingosanchez3d\/wp-json\/wp\/v2\/users\/2"}],"replies":[{"embeddable":true,"href":"http:\/\/guiasytutoriales.es\/disenowebglobal\/websclientes\/domingosanchez3d\/wp-json\/wp\/v2\/comments?post=498"}],"version-history":[{"count":25,"href":"http:\/\/guiasytutoriales.es\/disenowebglobal\/websclientes\/domingosanchez3d\/wp-json\/wp\/v2\/pages\/498\/revisions"}],"predecessor-version":[{"id":768,"href":"http:\/\/guiasytutoriales.es\/disenowebglobal\/websclientes\/domingosanchez3d\/wp-json\/wp\/v2\/pages\/498\/revisions\/768"}],"wp:featuredmedia":[{"embeddable":true,"href":"http:\/\/guiasytutoriales.es\/disenowebglobal\/websclientes\/domingosanchez3d\/wp-json\/wp\/v2\/media\/393"}],"wp:attachment":[{"href":"http:\/\/guiasytutoriales.es\/disenowebglobal\/websclientes\/domingosanchez3d\/wp-json\/wp\/v2\/media?parent=498"}],"curies":[{"name":"wp","href":"https:\/\/api.w.org\/{rel}","templated":true}]}}